256
What is 2 (base 5) in base 16?
2
Convert c6 (base 14) to base 16.
ae
-101 (base 4) to base 13
-14
-2 (base 7) to base 2
-10
What is 18 (base 13) in base 11?
1a
Convert -2 (base 6) to base 14.
-2
31 (base 4) to base 11
12
What is 8 (base 9) in base 8?
10
What is 9 (base 11) in base 16?
9
What is -34 (base 8) in base 4?
-130
Convert 10001 (base 3) to base 7.
145
-129 (base 14) to base 16
-e9
What is -26 (base 16) in base 8?
-46
What is -3 (base 5) in base 14?
-3
What is -11 (base 8) in base 10?
-9
Convert -53 (base 10) to base 14.
-3b
Convert -4 (base 15) to base 11.
-4
Convert 145 (base 8) to base 9.
122
Convert 4b (base 12) to base 3.
2012
What is 24 (base 7) in base 11?
17
Convert 121 (base 7) to base 3.
2101
What is 1 (base 16) in base 7?
1
0 (base 13) to base 12
0
What is -75 (base 15) in base 14?
-7c
Convert -26 (base 13) to base 7.
-44
-4 (base 12) to base 15
-4
44 (base 11) to base 15
33
Convert -6 (base 13) to base 7.
-6
Convert -3 (base 12) to base 3.
-10
What is -1 (base 8) in base 11?
-1
1 (base 14) to base 11
1
-304 (base 6) to base 12
-94
5 (base 14) to base 6
5
Convert 2 (base 13) to base 14.
2
What is -116 (base 10) in base 11?
-a6
What is 66 (base 12) in base 11?
71
606 (base 8) to base 16
186
Convert 32 (base 5) to base 7.
23
What is 1 (base 12) in base 13?
1
Convert -64 (base 13) to base 4.
-1102
Convert 14 (base 5) to base 6.
13
Convert -5b (base 14) to base 12.
-69
7 (base 9) to base 6
11
Convert 2 (base 7) to base 9.
2
What is 33 (base 8) in base 16?
1b
-222 (base 4) to base 11
-39
What is 152 (base 6) in base 5?
233
Convert -10100 (base 2) to base 11.
-19
What is -2 (base 15) in base 7?
-2
What is -1 (base 13) in base 12?
-1
-12210 (base 3) to base 10
-156
-4 (base 11) to base 8
-4
What is 10 (base 3) in base 2?
11
Convert 7 (base 15) to base 10.
7
111 (base 5) to base 2
11111
What is 1a (base 13) in base 12?
1b
Convert 237 (base 8) to base 11.
135
What is -230 (base 7) in base 2?
-1110111
What is 12 (base 14) in base 16?
10
Convert 11 (base 8) to base 12.
9
Convert 0 (base 5) to base 11.
0
What is -302 (base 4) in base 8?
-62
11 (base 7) to base 13
8
Convert -1 (base 8) to base 7.
-1
5 (base 9) to base 2
101
What is -7a (base 13) in base 3?
-10202
What is 0 (base 15) in base 14?
0
-b (base 12) to base 15
-b
Convert -115 (base 7) to base 13.
-49
-14 (base 15) to base 4
-103
10000 (base 3) to base 9
100
0 (base 3) to base 11
0
-5 (base 8) to base 10
-5
What is -12 (base 15) in base 12?
-15
What is 0 (base 13) in base 11?
0
Convert 133 (base 4) to base 8.
37
What is 0 (base 10) in base 16?
0
-22 (base 10) to base 11
-20
Convert -300 (base 8) to base 7.
-363
26 (base 7) to base 2
10100
-44 (base 16) to base 7
-125
What is 45 (base 7) in base 8?
41
What is 1 (base 4) in base 9?
1
Convert -3d (base 15) to base 6.
-134
Convert -9 (base 14) to base 10.
-9
Convert 2 (base 4) to base 10.
2
-22 (base 15) to base 4
-200
-2 (base 8) to base 6
-2
Convert 2 (base 6) to base 3.
2
Convert -65 (base 12) to base 3.
-2212
2 (base 10) to base 5
2
-2 (base 16) to base 10
-2
What is -6 (base 13) in base 2?
-110
-79 (base 14) to base 4
-1223
What is 4 (base 11) in base 4?
10
What is 1 (base 16) in base 9?
1
0 (base 14) to base 4
0
12 (base 4) to base 5
11
What is -4 (base 8) in base 6?
-4
Convert -42 (base 8) to base 11.
-31
Convert 504 (base 7) to base 15.
119
Convert -43 (base 8) to base 11.
-32
What is -22 (base 7) in base 9?
-17
c2 (base 14) to base 13
101
What is 4 (base 16) in base 6?
4
-42 (base 14) to base 15
-3d
Convert 3 (base 4) to base 9.
3
Convert -26 (base 14) to base 9.
-37
Convert 0 (base 10) to base 14.
0
10 (base 11) to base 8
13
What is 50 (base 16) in base 8?
120
What is 156 (base 11) in base 7?
350
Convert 3 (base 12) to base 16.
3
What is -25 (base 11) in base 14?
-1d
0 (base 8) to base 10
0
What is -19 (base 12) in base 15?
-16
Convert 1 (base 8) to base 6.
1
-21 (base 7) to base 10
-15
What is 110 (base 3) in base 4?
30
What is 18 (base 11) in base 16?
13
Convert 23 (base 10) to base 9.
25
What is 4 (base 12) in base 5?
4
Convert 220 (base 7) to base 11.
a2
22 (base 3) to base 6
12
What is 11 (base 2) in base 5?
3
What is -35 (base 15) in base 6?
-122
What is -12 (base 6) in base 7?
-11
Convert -259 (base 11) to base 9.
-370
Convert 26 (base 10) to base 16.
1a
Convert -2 (base 11) to base 16.
-2
Convert -54 (base 8) to base 9.
-48
What is -4 (base 6) in base 3?
-11
Convert -100 (base 3) to base 2.
-1001
What is -4 (base 16) in base 10?
-4
-38 (base 9) to base 16
-23
8 (base 13) to base 16
8
-1 (base 8) to base 16
-1
Convert -9 (base 14) to base 5.
-14
Convert 1 (base 11) to base 9.
1
Convert 35 (base 6) to base 16.
17
-51 (base 7) to base 16
-24
What is -232 (base 7) in base 4?
-1321
0 (base 3) to base 6
0
Convert -1 (base 8) to base 9.
-1
-20 (base 16) to base 10
-32
-2 (base 8) to base 3
-2
Convert -322 (base 5) to base 6.
-223
-1002 (base 3) to base 6
-45
Convert -1b (base 16) to base 10.
-27
-142 (base 11) to base 9
-205
What is -10231 (base 4) in base 14?
-177
What is 13 (base 13) in base 5?
31
Convert 41 (base 16) to base 13.
50
-6 (base 9) to base 3
-20
What is 60 (base 12) in base 13?
57
Convert 2b (base 15) to base 3.
1112
Convert -6 (base 14) to base 8.
-6
What is 35 (base 14) in base 12?
3b
Convert 252 (base 6) to base 4.
1220
Convert -1 (base 15) to base 9.
-1
1 (base 2) to base 16
1
What is -2 (base 6) in base 14?
-2
1 (base 15) to base 14
1
Convert b5 (base 15) to base 3.
20022
1 (base 14) to base 15
1
Convert -83 (base 9) to base 5.
-300
Convert 2210 (base 3) to base 8.
113
2 (base 3) to base 12
2
-165 (base 9) to base 7
-260
What is -22 (base 8) in base 14?
-14
-22 (base 10) to base 8
-26
Convert 56 (base 13) to base 6.
155
Convert -207 (base 9) to base 8.
-251
What is -12 (base 5) in base 15?
-7
-3 (base 7) to base 6
-3
Convert -113 (base 7) to base 3.
-2012
What is 103 (base 6) in base 8?
47
27 (base 16) to base 5
124
-4 (base 10) to base 12
-4
What is -172 (base 9) in base 5?
-1041
Convert 167 (base 9) to base 10.
142
-97 (base 12) to base 16
-73
What is 1 (base 5) in base 2?
1
What is -10 (base 9) in base 7?
-12
-5 (base 6) to base 10
-5
Convert 73 (base 8) to base 5.
214
What is 24 (base 5) in base 7?
20
-3 (base 12) to base 7
-3
What is 98 (base 12) in base 10?
116
What is -1101 (base 2) in base 9?
-14
What is -20 (base 5) in base 6?
-14
1 (base 13) to base 16
1
What is -100111000 (base 2) in base 11?
-264
Convert 41 (base 11) to base 3.
1200
-116 (base 9) to base 5
-341
Convert 2 (base 9) to base 5.
2
What is -11 (base 2) in base 8?
-3
What is 30 (base 4) in base 16?
c
What is 5 (base 15) in base 3?
12
b (base 16) to base 11
10
1010000 (base 2) to base 3
2222
Convert 272 (base 9) to base 7.
443
Convert 290 (base 10) to base 11.
244
Convert 221 (base 5) to base 6.
141
-6 (base 13) to base 3
-20
What is 1013 (base 5) in base 2?
10000101
Convert 27 (base 12) to base 5.
111
Convert -110011 (base 2) to base 9.
-56
-23 (base 11) to base 3
-221
-40 (base 8) to base 7
-44
Convert 3 (base 6) to base 2.
11
Convert 2 (base 6) to base 2.
10
55 (base 8) to base 11
41
What is 101 (base 2) in base 3?
12
Convert -1240 (base 5) to base 6.
-523
What is -1002 (base 3) in base 2?
-11101
Convert -13 (base 7) to base 8.
-12
-5 (base 8) to base 13
-5
-1 (base 5) to base 4
-1
Convert -128 (base 12) to base 15.
-bb
-14 (base 5) to base 14
-9
What is 2 (base 8) in base 13?
2
Convert 4 (base 14) to base 13.
4
Convert -1e (base 15) to base 3.
-1002
Convert 10 (base 15) to base 10.
15
Convert 1 (base 10) to base 2.
1
What is -3 (base 12) in base 6?
-3
Convert 101 (base 6) to base 10.
37
Convert -3a (base 16) to base 5.
-213
Convert -20 (base 13) to base 4.
-122
What is 5 (base 10) in base 2?
101
-38 (base 12) to base 6
-112
What is 391 (base 10) in base 6?
1451
Convert -121 (base 3) to base 14.
-12
-2 (base 7) to base 16
-2
Convert -101000 (base 2) to base 4.
-220
-110 (base 3) to base 14
-c
What is -130 (base 4) in base 16?
-1c
What is -1 (base 14) in base 4?
-1
-23 (base 15) to base 16
-21
72 (base 16) to base 7
222
What is -20111 (base 3) in base 11?
-14a
-20 (base 15) to base 2
-11110
What is 3 (base 14) in base 6?
3
110 (base 2) to base 12
6
Convert 123 (base 14) to base 4.
3203
Convert 29 (base 10) to base 3.
100